{"id":272,"date":"2019-05-09T19:38:56","date_gmt":"2019-05-09T17:38:56","guid":{"rendered":"https:\/\/rogelioubedainformaticoaguadulcealmeria00.000webhostapp.com\/?page_id=272"},"modified":"2020-11-20T11:13:17","modified_gmt":"2020-11-20T11:13:17","slug":"hechos-2","status":"publish","type":"page","link":"https:\/\/rogelioubedainformaticoaguadulce.tech\/index.php\/hechos-2\/","title":{"rendered":"HECHOS"},"content":{"rendered":"\n<h2 class=\"wp-block-heading\">HECHOS, PRUEBAS, DOCUMENTOS&#8230;<\/h2>\n\n\n\n<h3 class=\"wp-block-heading\"><a href=\"https:\/\/rogelioubedainformaticoaguadulce.tech\">regresar a la pagina inicio (home)  <\/a><\/h3>\n\n\n\n<h4 class=\"wp-block-heading\" id=\"indice\">indice:<\/h4>\n\n\n\n<ul class=\"wp-block-list\"><li><a href=\"#HECHOSPRUEBASDATOSDOCUMENTOS\">Maestros: HECHOS pruebas datos contrastados verificados con testigos, documentos inform\u00e1ticos, grabaciones. Etc<\/a><\/li><\/ul>\n\n\n\n<p><a href=\"#indice\">volver a indice (arriba)<\/a><\/p>\n\n\n\n<p class=\"has-text-color has-small-font-size\" style=\"color:#a3000f\"><strong>Tags: Gimnasio Taekwondo Hapkido Nervi\u00f3n Gran Plaza Sevilla, Inform\u00e1tica, Ordenadores, Ense\u00f1anza, Gimnasio, Sevilla, Almeria, Mal trato, Hechos, Desprecios, Discriminaciones, Marginaciones,<\/strong><\/p>\n\n\n\n<h5 class=\"wp-block-heading\" id=\"HECHOSPRUEBASDATOSDOCUMENTOS\">HECHOS PRUEBAS DATOS CONTRASTADOS VERIFICADOS CON TESTIGOS, DOCUMENTOS INFORM\u00c1TICOS, GRABACIONES. etc<\/h5>\n\n\n<dl>\n<dd>\n<table width=\"662\" cellspacing=\"0\" cellpadding=\"4\">\n<colgroup>\n<col width=\"652\"> <\/colgroup>\n<tbody>\n<tr>\n<td width=\"652\" valign=\"top\">\n<ul>\n<li>\n<p class=\"western\"><span style=\"color:#ff6347;\"><b>13 a\u00f1os entrenando en un mismo gimnasio con un \u00fanico maestro y no tener ning\u00fan carnet de grado es inadmisible.<\/b><\/span> Cuando en su manual pone que el maestro coreano del cual proviene nuestra rama de las artes marciales obtuvo el primer dan en el primer a\u00f1o, el segundo en el segundo a\u00f1o y as\u00ed sucesivamente.<\/p>\n<\/li>\n<\/ul>\n<\/td>\n<\/tr>\n<tr>\n<td width=\"652\" valign=\"top\">\n<ul>\n<li>\n<p class=\"western\">13 a\u00f1os d\u00e1ndolo todo por tus maestros, por tus compa\u00f1eros, por todos los cintos negros que vinieron a darnos clase, y <span style=\"color:#ff6347;\"><b>llevarse solo un titulo NO firmado por tu \u201csupuesto\u201d maestro de Sevilla sino por el difunto maestro de C\u00f3rdoba que nos daba los cursillos de convalidaci\u00f3n de grado, y encima con los APELLIDOS EQUIVOCADOS es inadmisible, intolerable, inhumano.<\/b><\/span><\/p>\n<\/li>\n<\/ul>\n<\/td>\n<\/tr>\n<tr>\n<td width=\"652\" valign=\"top\">\n<ul>\n<li>\n<p class=\"western\">13 a\u00f1os entrenando al m\u00e1ximo, por encima de nuestra posibilidad f\u00edsica y se otorgan cientos de convalidaciones de grado a quienes no entrenan completos los cursillos de convalidaci\u00f3n, mientras que nosotros pasamos completos una docena de ellos y <span style=\"color:#ff6347;\"><b>no se nos convalid\u00f3 nada es&#8230; inadmisible, de mal trato.<\/b><\/span><\/p>\n<\/li>\n<\/ul>\n<\/td>\n<\/tr>\n<tr>\n<td width=\"652\" valign=\"top\">\n<ul>\n<li>\n<p class=\"western\"><span style=\"color:#ff6347;\"><b>13 a\u00f1os haciendo un mill\u00f3n de documentos inform\u00e1ticos<\/b><\/span> o modificaciones obligado para un \u201csupuesto\u201d ser humano que ni te paga los cartuchos de impresora, ni los folios, ni por supuesto las miles de horas que le dedicaste sin que obtuvieses nada a cambio ni ning\u00fan beneficio personal; y que <span style=\"color:#ff6347;\"><b>se nieguen a rectificar el \u00fanico papel que tienes despu\u00e9s de 13 a\u00f1os es inadmisible.<\/b><\/span><\/p>\n<\/li>\n<\/ul>\n<\/td>\n<\/tr>\n<tr>\n<td width=\"652\" valign=\"top\">\n<ul>\n<li>\n<p class=\"western\"><span style=\"color:#ff6347;\"><b>13 a\u00f1os d\u00e1ndolo todo y no tienes ni siquiera los carnets<\/b><\/span> de haber pagado casi todos los a\u00f1os por anticipado pues el maestro los requisaba y te quedabas sin ellos, no pudiendo demostrar que has estado entrenando. Varios a\u00f1os hasta las dos licencias federativas la de Taekwondo y la de Hapkido, ambas de Korea. Todo con testigos.<\/p>\n<\/li>\n<\/ul>\n<\/td>\n<\/tr>\n<tr>\n<td width=\"652\" valign=\"top\">\n<ul>\n<li>\n<p class=\"western\">13 a\u00f1os recibiendo continuamente cada jornada ordenes de que deb\u00eda ense\u00f1ar al resto de compa\u00f1eros cuando a nosotros <span style=\"color:#ff6347;\"><b>no se nos ense\u00f1aron las t\u00e9cnicas ni se nos corrigieron siquiera es inaceptable<\/b><\/span>. Como prueba se pueden poner las fotocopias de manuales de grado a los cuales se nos neg\u00f3 el acceso y tuvimos que pedirles las copias a compa\u00f1eros porque primero era para los cintos marrones o negros, pues interesaba para Diego G., y luego cuando obtuvimos el cinto marr\u00f3n solo fu\u00e9 exclusivamente para los de cinto negro. Nueva discriminaci\u00f3n.<\/p>\n<\/li>\n<\/ul>\n<\/td>\n<\/tr>\n<tr>\n<td width=\"652\" valign=\"top\">\n<ul>\n<li>\n<p class=\"western\">Hecho: <span style=\"color:#ff6347;\"><b>jamas hice nada ni de gesto, ni de escrito, ni de palabra ni publica ni privadamente que fuera en contra de los intereses de ellos<\/b><\/span>; los miles de compa\u00f1eros son testigos de lo que digo. Mientras que ellos <span style=\"color:#9932cc;\"><i><b>jamas hicieron nada que fuera en mi conveniencia personal<\/b><\/i><\/span>. Ni desde el primer d\u00eda hasta el ultimo, 20 a\u00f1os despu\u00e9s tampoco neg\u00e1ndose a rectificar su error del titulo. Solo hubo un inter\u00e9s el suyo.<\/p>\n<\/li>\n<\/ul>\n<\/td>\n<\/tr>\n<tr>\n<td width=\"652\" valign=\"top\">\n<ul>\n<li>\n<p class=\"western\">13 a\u00f1os que te obliguen a ense\u00f1ar a los dem\u00e1s en tu propia clase, que apenas nadie te ha ense\u00f1ado; y que <span style=\"color:#ff6347;\"><b>no te den ni la mas m\u00ednima posibilidad de llegar a ser maestro pues no fuimos siquiera federados, es inadmisible.<\/b><\/span><\/p>\n<\/li>\n<\/ul>\n<\/td>\n<\/tr>\n<tr>\n<td width=\"652\" valign=\"top\">&nbsp;<\/td>\n<\/tr>\n<\/tbody>\n<\/table>\n<\/dd>\n<\/dl>\n\n\n<p class=\"has-background\" style=\"background-color:#63e27f\">No\nsolo considero que <strong>se me ha tratado mal a\nmi, sino a cientos de compa\u00f1eros<\/strong> que pasaron por el\ngimnasio y que se vieron abocados a abandonarlo porque no les daba la\nmas insignificante oportunidad, ni tenias futuro ni ve\u00edan\nprogresi\u00f3n, ni nada.<\/p>\n\n\n\n<p>Jamas\nrecib\u00ed la mas exigua ayuda por su parte, nunca. Ni respeto, ni\ncomprensi\u00f3n, ni colaboraci\u00f3n, ni nada de nada. Ni explicaciones.<\/p>\n\n\n\n<p class=\"has-background\" style=\"background-color:#39b7ed\">Creo\nque la lealtad tiene mucho que ver con el honor, y <strong>ellos\nno fueron leales a mi persona.<\/strong><\/p>\n\n\n<dl>\n<dd>\n<table width=\"631\" cellspacing=\"0\" cellpadding=\"4\">\n<colgroup>\n<col width=\"621\"> <\/colgroup>\n<tbody>\n<tr>\n<td width=\"621\" valign=\"top\">\n<ul>\n<li>\n<p class=\"western\">Hechos: <span style=\"color:#ff6347;\"><b>la generalidad de los maestros que se les convalid\u00f3 su cinto de Taekwondo, no hicieron los cursillos completos ni remotamente<\/b><\/span>, casi siempre iban al saludo y al final a recogerlos. Muchos maestros ni siquiera llevaron a cabo ni uno solo siquiera completo. Yo hice cerca de una docena y completos, est\u00e1n grabados en video. Yo hice todos los ex\u00e1menes que se me ordenaron hacer, si fuera por mi no hab\u00eda realizado ninguno as\u00ed lo expres\u00e9 reiteradas veces. Si no se me ordenaba ni siquiera aparec\u00eda ni en los ex\u00e1menes ni en las entregas. Muchas de ellas se retrasaron hasta dos semanas para obligarme a asistir con mala intenci\u00f3n clar\u00edsima. <span style=\"color:#ff6347;\"><b>Ninguno de esos \u201csupuestos\u201d maestros a los cuales se les convalid\u00f3 hizo ning\u00fan examen<\/b><\/span>. Se supon\u00eda que los cursillos eran el examen, as\u00ed nos lo aseguraron, minti\u00e9ndonos.<\/p>\n<\/li>\n<\/ul>\n<\/td>\n<\/tr>\n<tr>\n<td width=\"621\" valign=\"top\">\n<ul>\n<li>\n<p class=\"western\">Hecho: <span style=\"color:#ff6347;\"><b>Centenares de \u201csupuestos\u201d maestros nos vieron cursillo tras cursillo con el cinto marr\u00f3n. A\u00f1o tras a\u00f1o.<\/b><\/span><\/p>\n<p class=\"western\">Nadie dijo nada. A mi me parece una injusticia palpable.<\/p>\n<\/li>\n<li>\n<p class=\"western\">Hecho: Se retras\u00f3 la entrega del cinto negro mio varios meses, posteriormente a haberme mostrado el titulo firmado no por mi maestro, sino por el maestro de c\u00f3rdoba que nos daba los cursillos de convalidaci\u00f3n de grado. Y <strong>yo haber comentado con todo el mundo que los apellidos estaban equivocados<\/strong>. Otra prueba mas del desprecio que mantuvieron hacia mi persona.<\/p>\n<\/li>\n<\/ul>\n<\/td>\n<\/tr>\n<tr>\n<td width=\"621\" valign=\"top\">\n<ul>\n<li>\n<p class=\"western\">Hechos: <span style=\"color:#ff6347;\"><b>yo estuve entrenando en total cerca de 20 a\u00f1os en todas las artes marciales en tres localidades distintas con cerca de cien maestros<\/b><\/span>, o cintos negros que nos dieron clase. Miles de t\u00e9cnicas hechas que terminaban en ca\u00eddas o proyecciones. Las de los cursillos grabadas en video. Nunca vi a mi \u201csupuesto\u201d maestro caer ni una sola vez siendo \u00e9l proyectado, y al maestro de C\u00f3rdoba que nos daba los cursillos de convalidaciones apenas les vimos dos o tres veces ser proyectado, recuerdo que sus cursillos nos tir\u00e1bamos hasta 3 horas con t\u00e9cnicas de combinaciones de luxaciones que acababan en proyecciones con ca\u00eddas. Repito nuevamente, est\u00e1n grabadas en video no por mi, tenia c\u00e1mara que usaron ellos muchas veces y que se quedaron los videos de otras exhibiciones, pero no grab\u00e9 los cursillos.<\/p>\n<\/li>\n<li>\n<p class=\"western\">Es un hecho que las combinaciones de t\u00e9cnicas que se realizaban en los cursillos no se volv\u00edan a ver en las clases.<\/p>\n<\/li>\n<\/ul>\n<\/td>\n<\/tr>\n<tr>\n<td width=\"621\" valign=\"top\">\n<ul>\n<li>\n<p class=\"western\">Hecho: <span style=\"color:#ff6347;\"><b>me parece una clara injusticia que se convalidaran el cinto negro, el primer dan, el segundo y hasta el tercero sin cumplir ni uno solo de los cursillos. Mientras que a nosotros se nos dejara en \u00e9se tiempo&nbsp; 4 a\u00f1os con cinto marr\u00f3n.<\/b><\/span><\/p>\n<\/li>\n<\/ul>\n<\/td>\n<\/tr>\n<tr>\n<td width=\"621\" valign=\"top\">\n<ul>\n<li>\n<p class=\"western\">Hecho: <span style=\"color:#ff6347;\"><b>todo me parece un maltrato continuado desde el primer d\u00eda que no fui federado en las dos artes marciales que practiqu\u00e9 con mi \u201csupuesto\u201d maestro. Hasta 20 a\u00f1os despu\u00e9s<\/b><\/span> que contin\u00faan sin contestar, sin dar una justificaci\u00f3n, y sin restituir siquiera los errores del \u00fanico papel, documento, titulo que tengo que no es siquiera de nuestro maestro y con los apellidos equivocados.<\/p>\n<\/li>\n<\/ul>\n<\/td>\n<\/tr>\n<tr>\n<td width=\"621\" valign=\"top\">\n<ul>\n<li>\n<p class=\"western\">Hecho: <span style=\"color:#ff6347;\"><b>Recibimos cientos de insultos, desprecios, marginaciones, abandonos, se nos explot\u00f3 laboralmente<\/b><\/span> en nuestra propia clase que pag\u00e1bamos, ya les realizamos la labor de ayudante de maestro ense\u00f1ando a miles de alumnos voluntariamente en Infantiles y Juveniles y gimnasia de adultos. <span style=\"color:#9932cc;\"><i><b>Se nos amenaz\u00f3 cientos de veces<\/b><\/i><\/span>. Con que \u201cnos fu\u00e9ramos del gimnasio\u201d, con que \u201cno volver\u00edamos a entrenar\u201d, con \u201cno pisar mas el tatami si no les entreg\u00e1bamos un certificado medico\u201d algo que no se exig\u00eda a nadie, y que tuvimos que hacer. Se nos oblig\u00f3 a llevar el cinto blanco en Hapkido universitario durante 3 o 4 a\u00f1os, mientras que a la vez llev\u00e1bamos el marr\u00f3n durante esos mismos a\u00f1os en su gimnasio de Nervi\u00f3n Gran Plaza. No se nos di\u00f3 ni una sola explicaci\u00f3n ante tanta incongruencia, sinraz\u00f3n, sin sentido. Lo ultimo ha sido despu\u00e9s de 20 a\u00f1os, <span style=\"color:#9932cc;\"><i><b>amenazas hasta de violencia f\u00edsica.<\/b><\/i><\/span><\/p>\n<\/li>\n<\/ul>\n<\/td>\n<\/tr>\n<tr>\n<td width=\"621\" valign=\"top\">\n<ul>\n<li>\n<p class=\"western\">No recibimos tampoco el carnet federativo en hapkido universitario, ni con el grado ni nada. Pagando la licencia universitaria. Tampoco el maestro de hapkido universitario, un compa\u00f1ero que entren\u00f3 menos tiempo que nosotros, nos di\u00f3 ninguna explicaci\u00f3n, de porqu\u00e9 el sabia mas t\u00e9cnicas sin haber ido mas a clases que nosotros, ni haberse esforzado mas. Ni porqu\u00e9 el tenia el tercer dan y nosotros ni el blanco de forma legal.<\/p>\n<\/li>\n<\/ul>\n<\/td>\n<\/tr>\n<tr>\n<td width=\"621\" valign=\"top\">\n<ul>\n<li>\n<p class=\"western\">Es un hecho demostrado y palpable, que se tiene miedo a las represalias, a expresar nuestra opini\u00f3n basada en pruebas.<\/p>\n<\/li>\n<\/ul>\n<\/td>\n<\/tr>\n<tr>\n<td width=\"621\" valign=\"top\">&nbsp;<\/td>\n<\/tr>\n<\/tbody>\n<\/table>\n<\/dd>\n<\/dl>\n\n\n<p><a href=\"#indice\">volver a indice (arriba)<\/a><\/p>\n\n\n\n<p>fin<\/p>\n","protected":false},"excerpt":{"rendered":"<p>HECHOS, PRUEBAS, DOCUMENTOS&#8230; regresar a la pagina inicio (home) indice: Maestros: HECHOS pruebas datos contrastados verificados con testigos, documentos inform\u00e1ticos, grabaciones. Etc Tags: Gimnasio Taekwondo Hapkido Nervi\u00f3n Gran Plaza Sevilla, Inform\u00e1tica, Ordenadores, Ense\u00f1anza, Gimnasio, Sevilla, Almeria, Mal trato, Hechos, Desprecios, Discriminaciones, Marginaciones, HECHOS PRUEBAS DATOS CONTRASTADOS VERIFICADOS CON TESTIGOS, DOCUMENTOS INFORM\u00c1TICOS, GRABACIONES. etc 13 a\u00f1os &hellip; <a href=\"https:\/\/rogelioubedainformaticoaguadulce.tech\/index.php\/hechos-2\/\" class=\"more-link\">Seguir leyendo <span class=\"screen-reader-text\">HECHOS<\/span> <span class=\"meta-nav\">&rarr;<\/span><\/a><\/p>\n","protected":false},"author":1,"featured_media":0,"parent":0,"menu_order":0,"comment_status":"closed","ping_status":"closed","template":"","meta":{"footnotes":""},"class_list":["post-272","page","type-page","status-publish","hentry"],"_links":{"self":[{"href":"https:\/\/rogelioubedainformaticoaguadulce.tech\/index.php\/wp-json\/wp\/v2\/pages\/272","targetHints":{"allow":["GET"]}}],"collection":[{"href":"https:\/\/rogelioubedainformaticoaguadulce.tech\/index.php\/wp-json\/wp\/v2\/pages"}],"about":[{"href":"https:\/\/rogelioubedainformaticoaguadulce.tech\/index.php\/wp-json\/wp\/v2\/types\/page"}],"author":[{"embeddable":true,"href":"https:\/\/rogelioubedainformaticoaguadulce.tech\/index.php\/wp-json\/wp\/v2\/users\/1"}],"replies":[{"embeddable":true,"href":"https:\/\/rogelioubedainformaticoaguadulce.tech\/index.php\/wp-json\/wp\/v2\/comments?post=272"}],"version-history":[{"count":1,"href":"https:\/\/rogelioubedainformaticoaguadulce.tech\/index.php\/wp-json\/wp\/v2\/pages\/272\/revisions"}],"predecessor-version":[{"id":754,"href":"https:\/\/rogelioubedainformaticoaguadulce.tech\/index.php\/wp-json\/wp\/v2\/pages\/272\/revisions\/754"}],"wp:attachment":[{"href":"https:\/\/rogelioubedainformaticoaguadulce.tech\/index.php\/wp-json\/wp\/v2\/media?parent=272"}],"curies":[{"name":"wp","href":"https:\/\/api.w.org\/{rel}","templated":true}]}}